 + 3*f(u). What is the units digit of z(12)?
5
Let g = 380 - 324. What is the tens digit of (-1 + (g - -6))/1?
6
Suppose 3*p - 69447 = 3*r, -678*r + 673*r + 115705 = 5*p. What is the tens digit of p?
4
What is the tens digit of 6737/5 + 448/280?
4
Let m = 3562 + 579. Suppose 5*v - f = -2*f + m, -5*v + 4129 = 4*f. What is the hundreds digit of v?
8
Let h = -56 + 59. Suppose -n - 20 = -4*x + h*n, -n = -1. Suppose x*g - 198 = 270. What is the units digit of g?
8
Let a = 31968 - 19650. What is the thousands digit of a?
2
Let k = -14 + 18. Let q(a) = 98 + k*a - 49 - 47. What is the tens digit of q(5)?
2
Suppose -269 = 3*j - 5*l + 244, j + 5*l + 191 = 0. Let r = j - -635. What is the units digit of r?
9
Suppose 3 - 7 = -2*q, -9 = -g - 2*q. Suppose -8*l + 357 = -g*l. Suppose 4*p - 488 = -2*y, -2*p + 119 = -2*y - l. What is the tens digit of p?
2
Suppose 0 = r + 15. Let u be (1 - (-7)/3)*(-306)/r. Suppose -3*a + u = -2*a. What is the tens digit of a?
6
Suppose -3*s - 4*f = -5941, 3*f = 2*s + 8*f - 3956. Suppose 6*n = -2*a + n + 1005, 4*a + n - s = 0. What is the units digit of a?
5
Let y(k) = 4086*k + 5275. What is the hundreds digit of y(18)?
8
Let j = 22707 - 299. What is the tens digit of j?
0
Let m = -324 + 304. What is the units digit of 1/5 + (-10616)/m + -5?
6
Let z(y) be the third derivative of -y**6/120 - 7*y**5/20 + 5*y**4/12 - 7*y**3/6 + 4*y**2 + 6. What is the units digit of z(-23)?
1
Let i = -44 - -46. Suppose m - 1 = i*m, 4*f + m - 51 = 0. Suppose -j - f = -205. What is the tens digit of j?
9
Suppose -6*t + 19 = -17. Let n be 5/10 + 34815/t. What is the tens digit of 2/(-12) - n/(-42)?
3
Suppose -510*m + 53430 = -497*m. What is the tens digit of m?
1
Let k = 134628 - 52997. What is the hundreds digit of k?
6
Let w = -1569 - -17441. What is the ten thousands digit of w?
1
Suppose -5*j = -3883 - 10517. Suppose -41*z + j = -21*z. What is the hundreds digit of z?
1
Let p(b) = -9*b**3 + 253 + b - 10*b**2 - 129 - 121. What is the hundreds digit of p(-3)?
1
Suppose 0 = 4*g - 3*r - 228617, 4569*g + 5*r + 228623 = 4573*g. What is the thousands digit of g?
7
Suppose 59*l - 16 = 67*l. Let c = 5 - -3. What is the units digit of l/8 + 82/c?
0
Let c(q) = -q**3 - 3*q**2 + 10*q + 17. Suppose -3*y + 52 = 5*i, 2*y + 2 = 4*i - 0. Let n be y/(-2 + (-1)/(-2)). What is the tens digit of c(n)?
6
Let f(v) = -51*v + 3. Let k(i) = 11*i + 41. Let q be k(-4). What is the hundreds digit of f(q)?
1
Suppose 6*d + 5897 = 19265. Suppose -382 - d = -15*v. What is the hundreds digit of v?
1
Let a(j) = 12*j - 24*j + 10*j - 4 - 33. Let t be a(-14). What is the tens digit of ((-444)/32*-2)/(t/(-60))?
8
Suppose -j = 160 - 0. Let m = 94 + j. Let u = 118 + m. What is the tens digit of u?
5
Suppose -209751 + 537575 = 66*k - 10*k. What is the hundreds digit of k?
8
Suppose 0 = 2*o + 3*f - 411, 0*o - o = -4*f - 200. Let r = o - 95. Let j = 198 - r. What is the units digit of j?
9
Suppose 5*a - a = 16. Suppose -34*g - 30 = -49*g. Suppose -2*t = g*t - 3*k - 120, -k = -a. What is the units digit of t?
3
Suppose -50*f + 40232 = 27*f - 1661391. What is the hundreds digit of f?
0
Let t(v) = 39*v**2 + 22*v + 21. Let u(o) = -38*o**2 - 19*o - 20. Let b(a) = -5*t(a) - 6*u(a). What is the hundreds digit of b(-3)?
3
What is the tens digit of 15/(-9)*-3 - -18087*16/24?
6
Let y be (1/(-1))/(9/(-77229)). Suppose 0 = -13*r - 1015 + y. What is the hundreds digit of r?
5
Suppose 25 = -2*l + 1. Let z be (4 - 0)/(l/18). What is the units digit of (2 - 50/4)*z?
3
What is the hundreds digit of (5 - -2585)*215/86?
4
Suppose 3*b + 2*k - 2 = b, 0 = 4*k + 8. Suppose -b*x = -2*s + 31, 3*s - 8*s + 2*x = -61. Suppose -s*y + 3*y = -1120. What is the units digit of y?
0
Let d(s) = -57*s + 1. Let y be d(1). Let g = 107 + -7. Let u = g + y. What is the units digit of u?
4
Let d(h) = h - 6*h**2 - 4*h**3 - 3*h - 1 + h**3 - h. Let v = 38 - 43. What is the tens digit of d(v)?
3
Suppose -2*v - g + 10 = -4*v, 2*g - 10 = 2*v. Let m be v/((-5)/213)*1/3. Suppose 61 + m = 3*f. What is the units digit of f?
4
Suppose -13212 = -116*k + 98*k. What is the units digit of k?
4
Let x(u) = -2*u**2 + 2*u + 404. Let f(v) = v**3 + 20*v**2 - v - 20. Let t be f(-20). What is the units digit of x(t)?
4
Let c(d) = 47*d - 8. Let g be c(0). Suppose 8 = -x - 4. What is the tens digit of (-51)/x*(52 + g)?
8
Let z(h) = h**3 + 8*h**2 + 2. Let k be z(-8). Suppose u - k = -3*c, 2*c + 8 = -7*u + 4*u. What is the tens digit of (231 - 1) + c + 2 + -6?
2
Suppose 5*f - 10441 + 3293 = -w, 6 = -2*f. What is the thousands digit of w?
7
Let v(z) = 22078*z - 23. What is the units digit of v(1)?
5
Let s(n) = n**3 - 6*n**2 - 11*n + 31. Let j be s(7). Suppose -2*x = 3*d - 3607, 5*d + j*x = 5*x + 5985. What is the units digit of d?
9
Suppose 103 + 53 = -13*m. What is the units digit of (-835)/(-3) + (-4)/m*-1?
8
Let t(v) = 6*v**2 + 26*v + 189. What is the tens digit of t(23)?
6
Let j(o) = -149*o - 55. Let g(b) = -82*b - 28. Let u(s) = -9*g(s) + 5*j(s). Let h be 15*1*2/(-2). What is the units digit of u(h)?
2
Let r(d) = -d**3 - 8*d**2 - 8*d - 8. Suppose -2*v = -7*v - 35. Let j be r(v). What is the units digit of (-105)/(-28) + j/(2 + -6)?
4
Let x = 5110 + 4943. What is the thousands digit of x?
0
Let u(g) = -540*g**3 - 2*g**2 - 19*g + 75. Let s be u(4). What is the tens digit of s/(-21) - (-4)/84*-6?
4
Suppose 0 = 5*q + 5, 2*q = 2*l - 1464 - 19922. What is the tens digit of (-1)/(1 - 0) + l/44?
4
Suppose -a - a + 4 = 0. Suppose -3*n = -4*t + 235 - 12, 0 = -2*t + a*n + 110. What is the tens digit of t?
5
Let o = -25 - -35. Suppose 0 = -16*b + 14*b + o. Suppose 6*u - u = -5, 3*q - b*u = 83. What is the units digit of q?
6
Let w be -15*7/63*3. Let g(n) = -115*n - 269. What is the units digit of g(w)?
6
Suppose 10*u - 4472 = 62538. What is the units digit of u?
1
Suppose 0 = 4*t, -3*u + 25235 - 5999 = 3*t + t. What is the tens digit of u?
1
Suppose 4*q + 313 = 7*q - 4*x, q - 2*x = 105. Let z = 36 - 4. Suppose -3*y = -z - q. What is the tens digit of y?
4
Suppose -4*p + 3191 = 267. Suppose 638 = 2*h - 4*t, 2*h + 3*t - p = -65. What is the units digit of h?
7
Let t(y) = y**2 + y - 9. Let l be t(-4). Let d(w) = 22*w - 9. Let x be d(l). Suppose p = x + 27. What is the tens digit of p?
8
What is the tens digit of 1342055/319 + 14 - -2*2/(-58)?
2
What is the units digit of 38236/7*5355/510?
4
Let j(u) = -u**3 + 2*u**2 - 30*u - 54. What is the thousands digit of j(-10)?
1
What is the units digit of (2/6)/(155/1567515)?
1
Let k = 72 + -61. Let o(w) = w - k*w - 21 - 26*w. What is the units digit of o(-3)?
7
Let n(b) = -b**3 - 14*b**2 + 39*b + 45. Let f be n(-19). Suppose -1039 = -4*t + f. What is the tens digit of t?
3
What is the thousands digit of (-5)/((-75)/(-24))*(0 - (-494900)/(-40))?
9
Let k = 595 + -331. Let u be (-8*90)/(-7 - k/(-40)). Suppose 20*q - 11*q - u = 0. What is the hundreds digit of q?
2
Suppose 0 = -307*z + 300*z + 203. Let w be ((-9)/2)/(2/(-88)). Suppose -f = -w + z. What is the units digit of f?
9
Let h(v) = -3779*v - 764. What is the ten thousands digit of h(-5)?
1
Let x(t) = -4*t - 2*t**3 + t**3 + 4*t + 38 + 18*t**2 + 4*t. Let i(u) = u + 5. Let k be i(13). What is the units digit of x(k)?
0
Suppose 54965 = 5*o - 22*y + 19*y, -2*o - 3*y + 22007 = 0. What is the units digit of o?
6
Let p = -1357 + 5807. Let x = p - 2607. What is the tens digit of x?
4
Let w = 335 - 195. Let z = 186 - w. What is the tens digit of z?
4
Let b(u) = -1451*u - 5031. What is the units digit of b(-47)?
6
Suppose 2*n + 82 = 5*y, 33 = -0*y + 2*y - n. Suppose -3328 = -32*p + y*p. What is the tens digit of p?
0
Suppose -94 = -3*n + y, -5*n - y + 102 + 52 = 0. Suppose 32*c = -58 - 326. Let b = n + c. What is the units digit of b?
9
Suppose -4*l = 3*s - 211, -390 = -s - 4*s + l. Suppose 0 = -4*n - s + 93. What is the units digit of (-20)/32*-158 - n/(-16)?
9
Let z(v) = -86*v - 287. Let d be z(-8). Suppose 203 = g - f, -f - d = -7*g + 5*g. What is the hundreds digit of g?
1
Suppose 5*u - 2*z = 1356, 87 = 2*u + 3*z - 444. Suppose c = -7*k + 12*k - 719, -4*c + u = 2*k. What is the hundreds digit of k?
1
Suppose 17*o - 13*o = 0. Suppose o*z - 2*z = -156. Suppose 4*l = -3*d + z, 2 = -2*d - 2. What is the tens digit of l?
2
Let u = -29 - -35. Let d(w) = 13*w**2 - 14*w + 15. What i